2. Let g(d) = j*b(d) - 4*k(d). Calculate g(-4).
0
Let b be ((-1776)/88 - 10/(-55))/(-2). Let r(m) = m**2 - 10*m - 3. Calculate r(b).
-3
Let p(r) be the second derivative of -r**5/20 - 5*r**4/12 - 2*r + 1917. Give p(-4).
-16
Let h(l) = 0*l**2 - 2 - 6 + 2 - 2*l + l**2 + 4*l**2. Calculate h(-2).
18
Let c(q) = -2*q + 3*q + 4 + 0*q + 2*q. Let p be 110/(-40) - (-2)/(-8). Give c(p).
-5
Let h(r) = 8*r**2 - 32*r - 8. Let j(p) = -3*p**2 + 11*p + 3. Let s(l) = 4*h(l) + 11*j(l). Suppose -k + 2*k = 42. Suppose 7*n + 7 = -k. Calculate s(n).
1
Let f(t) = 3*t - 3. Let o(b) = 0 + 3*b - 15 + 3*b. Let g = 400 + -397. Let s be o(g). Determine f(s).
6
Let l be 120/18 - (-208)/(-78). Suppose r - 3 = -1. Let g(n) = 2 - 3*n**2 - 5*n + 4*n**r - 1. Calculate g(l).
-3
Let w(p) = -3 + 6*p + 0*p + 0*p + 5. Suppose 4*a = -21*a - 50. Give w(a).
-10
Let w(j) = 1195 - 3492 + 1070 + 3*j + 1007 - 35*j. Give w(-7).
4
Let y(c) = 4*c - 4. Let d be y(3). Let a(w) = 1 + d*w**3 - 2*w - 31*w**2 + 0 + 32*w**2. Suppose 5 = x - z, 4*x + 0*x + z = 0. What is a(x)?
8
Let w = 50 - 49. Suppose -y + 3 = w. Let h(i) = -4*i + 4 - i**y - i + i - 3*i. Determine h(-8).
-4
Suppose -1488*h = -1486*h. Let o(g) be the second derivative of -5/2*g**2 + 2/3*g**3 + 13*g + 1/12*g**4 + h. Give o(-4).
-5
Suppose -12 = -3*g, -2*h = -3*h + g. Suppose -h*f = -2*j - j - 33, -f - j = -17. Let m be (-6)/4*f/9. Let l(u) = u**3 + 1. Calculate l(m).
-7
Let m(v) be the third derivative of -v**6/120 + v**5/10 - 5*v**4/24 + v**3/3 + 575*v**2 - 2*v + 1. Let h = 9 - 3. Determine m(h).
-28
Suppose -4*z - 6*i + 5*i - 95 = 0, -4*z = -i + 105. Let y(q) = -5*q - 86. Determine y(z).
39
Let m(t) = t. Let c(p) = -43 - 9*p - 23 - 75 + 32*p. Let z be c(6). Calculate m(z).
-3
Let k(h) = -45517 - 17*h**2 + 91026 + 6*h - 3*h**3 - 45512. Give k(-6).
-3
Let k be (-16)/3*(-48)/32. Suppose 2*u + 3*o + 9 = 0, -2*u + 2 = 2*o + k. Let p(c) = -3*c**3 + u*c**2 + 1 + 2*c**3 + 5*c**2 + c - 4*c**2. Determine p(-1).
2
Suppose 35*f - 100 = 6*f - 709. Let x(j) = -j**3 - 18*j**2 + 61*j - 49. Give x(f).
-7
Suppose 355*l - 159*l = 165*l - 217. Let j(c) = c**3 + 7*c**2 - 5*c - 34. What is j(l)?
1
Let g(v) = -v**3 - 2*v**2 - 6*v + 5. Let q(n) = n**3 + 2*n**2 + 7*n - 6. Let p(t) = -6*g(t) - 5*q(t). Let a = -1606 - -1603. Calculate p(a).
-12
Suppose 3*t + 2*t - f + 29 = 0, 0 = -t + 2*f - 4. Let a(r) be the second derivative of r**5/20 + 5*r**4/12 - r**3 - 4*r**2 - 3636*r. Determine a(t).
-8
Let b(o) = -2*o**2 - o - 1. Let n(g) = 9*g - 17*g**2 - 17*g**2 - 22*g - 21*g**2 + 5 + 46*g**2. Let t(w) = 4*b(w) - n(w). Suppose 4*i - 13 = -49. Determine t(i).
-9
Let b(t) = -442*t**2 - 435*t. Let k be b(-1). Let w(s) be the first derivative of 1/2*s**2 + 1 + 0*s. Give w(k).
-7
Suppose -37*n + 27*n = -40. Let v be 78 + (1 - (6 - n) - 2). Suppose -5*l - 10*l + v = 0. Let r(u) = -u**2 + 4*u + 5. Determine r(l).
0
Suppose -4*b = -16*b + 168. Let d be (7/b + 0)*-8. Let u(a) = -a**3 - a**2 + 5*a. Give u(d).
28
Let w be (-548)/(-16) + (-16)/64. Suppose a - 3*a - 3*d = -16, 4*a = -5*d + w. Let g(b) = 2*b - 7. Give g(a).
15
Let i(v) = 10*v**2 - 139*v. Let b(n) = 2*n**2 - 35*n. Let k(m) = 4*b(m) - i(m). Calculate k(-1).
-1
Let u(p) = p - 5. Let i be u(-3). Let f(t) = -t**2 - 9*t + 9. Let z be f(i). Let j(v) = 9*v - v**2 + 2 + 8*v - z*v. Calculate j(-2).
-2
Let l(g) = g**2 - g - 1. Let n(t) = 4*t**2 + 2*t + 2. Let o(x) = -2*l(x) - n(x). Let a(f) = f**2 - 153*f + 5851. Let q be a(77). Give o(q).
-6
Suppose 3 = -k + 2, 2*g - 1120 = -2*k. Let b = -565 + g. Let s(t) = -t**2 - 4*t - 5. Calculate s(b).
-5
Suppose -1 = 140*y - 139*y. Let h be (1 + -5 + 0)/((-1)/y). Let r be (-119)/35 + h/(-10). Let u(p) = -p**2 - 5*p + 2. What is u(r)?
8
Suppose -88 = 2*d - 30. Let x = d + 32. Let b be x/(-4)*(12 - 8). Let q(i) = -i**3 - 4*i**2 - i + 3. What is q(b)?
-3
Suppose 4*n = 4*i - 8, -2 = -4*i - 3*n - 1. Let b(m) = -19*m**3 + 58*m**3 - 14*m**3 + 1 - 20*m**3. Give b(i).
6
Let j = -832 - -833. Let v(y) = 121*y**2 + 2*y**3 - 3 - j - 123*y**2. Give v(3).
32
Suppose -2*m = -0*m + 2*a + 8, 7*m + 12 = -3*a. Let j(o) be the second derivative of 1/3*o**4 + 3*o + 1/3*o**3 - o**2 + m - 1/20*o**5. Give j(3).
13
Let r = -23 + 17. Let j(a) = a**3 - a**2 - 4*a - 1. Let q be j(3). Let f(o) = o + 8. Let t(m) = m + 7. Let k(s) = q*t(s) + r*f(s). Give k(0).
-13
Let o(m) = -11*m + 42. Let b be o(-14). Let n = b + -190. Let y(i) = -2*i + 6. Give y(n).
-6
Let i(y) = -y + 7. Let t(r) be the first derivative of r - 13. Let x(k) = i(k) - 5*t(k). Suppose 2*m = 4*j - 6, -4*j + 0 = -4*m - 4. Determine x(m).
1
Let s(w) = -w**3 + 14*w**2 + 15*w - 9. Let y be -6*(36/(-16) + (-1)/4). What is s(y)?
-9
Let b be (-1 + 2 - 2) + (27 - 17)/2. Let m(j) = -2*j**3 + 7*j**2 - 2*j - 5. Determine m(b).
-29
Let d be (-10)/((2 + -6)/8). Let l be -3*2*(d/8 + -3). Suppose l*o = -5*m - 13, -3*o = -5*m - 0*o - 7. Let f(v) = v**2 + 2*v + 2. Calculate f(m).
2
Let x(c) = 223*c**2 + 4*c - c**3 + 1 + 214*c**2 - 436*c**2. Determine x(4).
-31
Let g(y) = -5*y + 4648 - 4790 - 4*y + y. Calculate g(-17).
-6
Let m(j) = 11 + 532*j - 3*j**2 + 3 - 1029*j + j**3 + 499*j. Give m(-4).
-106
Let d(p) be the first derivative of 2*p**3/3 - 9*p**2 + 29*p + 4021. What is d(5)?
-11
Let k(j) = 4*j**2 - 6*j - 16. Let m be k(-2). Let z(w) = -9 - 7 + 2*w - 15 - m + 40. Determine z(4).
5
Let i(k) = -6*k - 25. Suppose -2*c = -2*s - 14, -c = -5*c + 2*s + 22. Let l(v) = -v - 1. Let d(u) = c*l(u) - i(u). What is d(-11)?
-1
Let v(p) = 3*p**3 - p. Let f be v(1). Let c(d) = d**2 + 4*d + 0*d**f + 31 - 32. Suppose 3 - 1 = q + a, 0 = -5*q + 5*a - 40. What is c(q)?
-4
Suppose -2*b + 4*l - 48 = 0, -5*l = b - 1 + 32. Let j = b + 27. Let m(i) = -i + 3 - j + 3 + 0. Calculate m(6).
-1
Let r = -307 - -125. Let t = r - -178. Let n(d) = -2*d**2 - 6*d - 6. Determine n(t).
-14
Let y = -326 - -327. Let v(h) = -6*h - 2. Calculate v(y).
-8
Let a(w) = 4*w + 233298 - 233298. Let f = 1 - -1. Give a(f).
8
Let p(b) be the third derivative of b**4/24 - 5*b**3 + 962*b**2 + 2. Give p(7).
-23
Let t be (-13)/(-2) - 3/6. Suppose u + 2 = 2*q, 2*u - q = t*u - 19. Let a(v) = v**2 - 4*v - 3. Calculate a(u).
-3
Let v(s) be the third derivative of -1/15*s**5 + 0 - 2/3*s**3 + 1/120*s**6 + 5/24*s**4 - s**2 + 73*s. Calculate v(3).
2
Let f(s) = -s**2 + 6*s - 7. Let l(i) be the first derivative of -i**3/3 + 6*i**2 + 18*i - 37. Let y be l(13). Determine f(y).
-2
Let h(o) = o**2 - 5*o - 1. Let v(f) = f - 2. Let i be v(6). Suppose 5*x - i*x = 5. Suppose -2*t + 5*q - 14 + 2 = 0, x*q = 3*t + 8. Give h(t).
-5
Let f(w) be the third derivative of w**4/24 + w**3/3 - 2520*w**2 - 2*w. Let p(b) = 10*b. Let x be p(1). Determine f(x).
12
Let y(z) be the first derivative of z**4/4 + 8*z**3/3 + 5*z**2 - 8*z - 3190. Give y(-6).
4
Let h(a) = -2*a**2 + 10*a - 6. Let b be h(5). Let w be (8/(-6))/(6*b/81). Let u(d) = 2*d - 1. Give u(w).
5
Suppose 0 = 25*w + 13 - 38. Let k(n) = -31*n + w + 0 - 4 + 69*n - 33*n. Give k(5).
22
Suppose g - 6 = -4*t - 5, 2*t = -4*g + 18. Let n(a) = a + 22. Determine n(g).
27
Let i(r) = 10*r - 69. Suppose -1189 + 148 = -160*t - 81. Calculate i(t).
-9
Let m = -1402 + 860. Let i = -530 - m. Let p(q) = q + 15. What is p(i)?
27
Let l(t) = -4 - 7*t**2 - 3 + 4*t**3 + t - 3*t**3 - 8*t. Suppose 2*o = 3*m + 17, 23 = 2*o - 3*m - 2*m. Suppose -6 = -2*q, -8*q = 2*f - o*q - 28. What is l(f)?
1
Let i(b) = -b**2 + 12*b - 5. Let z(o) = o**2 - 11*o + 5. Let a(q) = -2*i(q) - 3*z(q). Suppose -30*v - 144 = -46*v. What is a(v)?
-5
Let l(z) = -z + 13. Let t = -2775 + 2783. Calculate l(t).
5
Let i = -664 - -672. Let o(u) be the first derivative of -4*u + 5 + 1/2*u**2. Determine o(i).
4
Let q(x) = -x + 11. Suppose p + z - 5 = 0, -2*p + 5*z + 2 = -8. Suppose 0 = -p*y + 4 + 21, 4*j - 57 = -5*y. Determine q(j).
3
Suppose -5*c - 34 = 3*n + 21, -5*c + 2*n = 55. Let a(f) = f**3 + 12*f**2 + 15*f + 38. Give a(c).
-6
Let t = -94 + 155. Suppose 0 = -t*v + 60*v + 15. Let q(f) = -f**2 + 14*f + 20. What is q(v)?
5
Let s(d) = 241*d**2 + 5*d**3 + 8 - 247*d**2 - 9*d**3 + 3*d**3. What is s(-4)?
-24
Let d(a) = -1 + 7*a - 980*a**2 - 2 - a**3 + 982*a**2. What is d(2)?
11
Let p(g) = 14*g + 2 + 6*g + g**2 - 36*g + 10*g. Give p(0).
2
Let v(y) = -y + 5. Suppose 2*r - 12 = -2. Let b be v(r). Let w(u) = -9*u - 6*u**2 + 3 + 11*u + 5*u**2 + b. Calculate w(3